240?
6
Let i = -8 - -35. Let k be i/5*15/3. Suppose -53 = -k*y + 26*y. What is the remainder when y is divided by 14?
11
Let d(m) = 262*m - 40. Let n be d(5). Suppose -n = -11*p + 1315. Calculate the remainder when p is divided by 34.
31
Suppose -492 = 9*w + 30. What is the remainder when w/(-4)*(-132)/(-22) is divided by (-20)/(-1) + 1*2?
21
Let v(x) = 5*x**3 - 7*x**2 - 3*x - 33. Let c be v(6). Let u = 874 - c. What is the remainder when u is divided by 39?
19
Suppose -a + i + 435 = -647, 2*a - 2152 = -2*i. What is the remainder when a is divided by 30?
29
Let u = 360 + -305. Suppose -u + 235 = 5*y. Calculate the remainder when 214 is divided by y.
34
Let t be 4 + (-21 - -21)/(3 - 1). Suppose t*w + 8 = 0, -6*w = -5*o - 5*w + 312. Calculate the remainder when o is divided by 13.
10
Let h = 49 - 47. Let w be (25 - 2 - 2)/(1 - h). Let a(i) = 2*i + 50. What is the remainder when 79 is divided by a(w)?
7
Calculate the remainder when -18 + (-5131 - -11)/(-20) is divided by 222.
16
Let l(f) = 26*f + 3583. What is the remainder when 540 is divided by l(-129)?
82
Let u(r) = -r**3 - 16*r**2 - 36*r + 219. What is the remainder when u(-13) is divided by 1/3*(72 - 3)?
19
Suppose 4*a + 3*b - 59 = 63, 0 = 5*a - 5*b - 135. Suppose a - 42 = -y. What is the remainder when 103 is divided by y?
12
Suppose -q + 469 = -3*n, 604 = -4*n - 4*q - 0*q. Let z = n - -160. What is the remainder when 13 is divided by z?
3
Let p = 0 - 17. Let v = p - -31. Suppose -767 = -7*h + n, -11*n + 13*n - 6 = 0. Calculate the remainder when h is divided by v.
12
Let m = 15 - 10. Suppose -s - 2 = -2*w - 4, -4*s - 1 = -m*w. What is the remainder when 2 - s*(-1)/(4/(-30)) is divided by 9?
5
Let n be 5 + (3 - (0 + 5)). Suppose 0 = -5*p - 10, -16 = -n*x + 5*p - 6*p. Let y(m) = 39*m - 9. Calculate the remainder when y(1) is divided by x.
0
Let u = 13579 - 13551. Calculate the remainder when ((-72)/28)/(2/(-84)) is divided by u.
24
Let o(h) = -17*h + 649. What is the remainder when 161 is divided by o(33)?
73
Suppose -5*l + 10 = -25. Suppose -l*g + 4*g + 117 = 0. Suppose 0 = 2*i - 3*c - 245, 7688*i - 7692*i = c - 455. Calculate the remainder when i is divided by g.
37
Let j be (-2)/4*(66 + -3 + 7). Let z = j + 70. Calculate the remainder when 63 is divided by z.
28
What is the remainder when 716 is divided by (-20)/25*(-772 - 113)?
8
Suppose -3*o = 2*w - 3453, -31*w + 33*w = 3*o + 3471. What is the remainder when w is divided by 25?
6
Suppose -7*a + 47 = 19. Suppose -26*s + a*s = -440. What is the remainder when 22 is divided by s?
2
Let q = -6 + 2. Let j be (-195 + -1)/q - -1. Suppose -3*h + 64 = r - 5, -2*r + j = 2*h. What is the remainder when 43 is divided by h?
21
Suppose -2*z = -8, 72*z - 313 = -a + 74*z. What is the remainder when a is divided by 77?
13
Let d = -88 + 91. Suppose -3*j - 12 = 3, 87 = 4*k - d*j. Suppose 0 = -4*u - 2*y + k, -2*u + 0*u + 5*y + 15 = 0. What is the remainder when u is divided by 4?
1
Suppose 3*s - 9*s + 990 = 0. Suppose 9*j = 6*j + s. Let u = -52 + j. Calculate the remainder when u is divided by 3.
0
Suppose -2*c + 10 = 0, -2*r - c = -7*r - 60. Let x(q) = -q - 2. Calculate the remainder when (86/(-6))/(1/(-3)) is divided by x(r).
7
Let y(u) = 30*u**2 + 25*u - u**3 + 7 + 28*u**2 - 92*u**2 + 37*u**2. Calculate the remainder when y(6) is divided by 17.
15
Suppose 25 - 103 = -4*a + 2*r, -2*r = -2*a + 42. Suppose 10*y - 9*y - 102 = -2*j, -y - 153 = -3*j. What is the remainder when j is divided by a?
15
Suppose -68 = -5*r + 3*r + 4*x, -r = -11*x + 11. Calculate the remainder when 8799 is divided by r.
43
Suppose -z - 759 + 4908 = -2*d, 5*z - 20719 = -3*d. Calculate the remainder when z is divided by 81.
14
Suppose 46288 = 3*m + 5*m. Suppose -2034 = -34*y + m. Calculate the remainder when y is divided by 47.
42
Let t(x) = 9*x - 1. Let y(i) = 10*i - 2. Let h(l) = 4*t(l) - 3*y(l). Let s be h(0). Suppose 6*a = s + 382. What is the remainder when a is divided by 34?
30
Let a(n) = -123*n**2 + n + 1. Let w be a(-1). Suppose 0 = 47*l - 15412 + 4508. Let q = l + w. What is the remainder when q is divided by 28?
25
Let d = 135 - 114. Let h(q) = -201*q. Let c be h(-2). Suppose -5*i = -c - 213. Calculate the remainder when i is divided by d.
18
Suppose 158 = 3*s - 49. Let q = -50 + s. Suppose 22*i - q*i = 24. Calculate the remainder when 46 is divided by i.
6
Let q = -927 + 512. Let o = q - -497. What is the remainder when 244 is divided by o?
80
Let t(c) = -c**3 - 2*c**2 + c. Let w be t(0). Suppose w = 71*p - 68*p - 231. Calculate the remainder when p is divided by 13.
12
Suppose 144*y + 399 = 163*y. Let l(v) = 1 + 7*v - 2*v**3 - 3*v**3 - 4*v - v**2 + 6*v**3. What is the remainder when l(4) is divided by y?
19
Suppose -22*m + 562 = -37 - 17. Calculate the remainder when 531 is divided by m.
27
Let m = 210 - 131. What is the remainder when 250 is divided by m?
13
Let p(h) be the first derivative of 21*h**4/4 + h**3/3 - h**2 + 2*h - 2. Let u be 11 + (-160)/(12 - -4). Calculate the remainder when 131 is divided by p(u).
21
Let g(j) = j**2 + 13*j - 13. Let n be g(-10). Let v = n + 43. Suppose 0 = x + 3, 5*i + v*x - 124 = -2*x. What is the remainder when i is divided by 7?
5
Suppose -5*b + 21890 = i, -8*b + 5*b + 5*i = -13134. What is the remainder when b is divided by 13?
10
Let p = 811 + -445. Let m = p - 348. What is the remainder when 303 is divided by m?
15
Let o = 399 + -236. Let c = o + -155. What is the remainder when 13 is divided by c?
5
Suppose n + 4*i = 349, -4*n + 3*i - 2*i + 1396 = 0. What is the remainder when n is divided by 89?
82
Let o = -194 + 264. Let h = -90 + 54. Let n = h + o. What is the remainder when n is divided by 12?
10
Let g(m) = -m**3 + 27*m**2 - 50*m + 14. Let u be g(25). Suppose -u*w + 184 + 124 = 0. What is the remainder when -3*1 - 30*-3 is divided by w?
21
Suppose 0 = -4*w - 2*v - 410 + 1606, -4*v = w - 285. Calculate the remainder when 616 is divided by w.
14
Let h be 902/12 - 6/36. Suppose 2491*z = 2486*z + h. Calculate the remainder when 29 is divided by z.
14
Let w be (-1)/((22/(-4))/11). Suppose 5*m - 5*l - 55 = -w*l, -3*m + 52 = 2*l. Calculate the remainder when 153 is divided by m.
13
Suppose 1525*l - 157 = 1522*l - 4*q, -q - 165 = -4*l. Calculate the remainder when 5888 is divided by l.
40
Let x = -5644 + 6105. Calculate the remainder when x is divided by 89.
16
Let q be -2*3/12 - 567/(-14). Suppose 0 = -6*w - 4*w + q. Let u = 109 - 105. What is the remainder when w is divided by u?
0
Suppose 5*t - 2*b = 3*b + 45, -3*b = t - 1. Let h(n) = n**2 + 11*n + 3. Let i be h(-13). Calculate the remainder when i - ((-7 - -11) + -6) is divided by t.
3
Suppose -10 = 4*m - 9*m. Let p be m + (-6)/9 - 2/6. Calculate the remainder when -1*((-4)/(-2) + -42) - p is divided by 21.
18
Suppose 0 = -16*r - 8*r + 9*r + 11940. Calculate the remainder when r is divided by 261.
13
Let v(h) = -h**3 - 11*h**2 - 13*h - 18. Let g = -37 - -27. Let j be v(g). Suppose -j*d = -14*d + 44. What is the remainder when 41 is divided by d?
19
Let c be -1 - -7 - (-6 + 2). Suppose 11*x - c*x - 6 = 0. Suppose x*n + 5*y = 2*n + 12, 2*n - 3*y - 28 = 0. Calculate the remainder when n is divided by 3.
2
Suppose -5*o - 4*z - 59 + 19 = 0, 3*o + 4*z = -16. Let t(h) = 2*h**2 + h - 62. What is the remainder when t(o) is divided by 54?
52
Suppose 5*o - 3*t - 113 = 0, 4*o + 3*t = -0*o + 85. Suppose 4*b + 3*h - 23 = 0, -5*h - 32 + 17 = 0. What is the remainder when o is divided by b?
6
Let v(j) = -j**2 + 3*j + 5. Let w = 22 + -19. Suppose -3*a - 3*f + 96 = 0, 4*a - w*f - f = 88. Calculate the remainder when a is divided by v(0).
2
Suppose 5*x + 7 = -2*x. Let m be 2 - (-2 - x)*69. Let f = m + -54. What is the remainder when 83 is divided by f?
15
Let b(x) = -266*x**3 + x**2 + x + 1. Let j be b(-1). Let n = -69 + j. Calculate the remainder when n is divided by 50.
48
Suppose -19*z - 67981 = -69102. Calculate the remainder when 378 is divided by z.
24
Suppose -2*w + 3*k = -45, 0 = 5*w - 2*k - 136 - 4. Let j = -15 + w. What is the remainder when 24 is divided by j?
9
Let x(m) = m + 4. What is the remainder when (-5)/(-12) + (-4)/6 - 3427/(-92) is divided by x(6)?
7
Suppose 5*d - 27 = 58. Suppose -d*u = -38*u + 1722. What is the remainder when u is divided by 22?
16
Suppose 7 = r - 2*x - 3*